True
Is 62629417 prime?
False
Is 87107513 a composite number?
False
Is 22564319 prime?
True
Is 457151 composite?
False
Is 346033 a prime number?
False
Is 59291 composite?
True
Is 1182229 a composite number?
True
Is 44298389 a composite number?
False
Is 34545761 a composite number?
False
Is 10728577 composite?
False
Is 330361 prime?
False
Is 199951 a composite number?
True
Is 4279481 composite?
False
Is 69334 a prime number?
False
Is 16185899 a prime number?
True
Is 68205073 a composite number?
False
Is 101786831 a prime number?
True
Is 4778843 prime?
True
Is 12722447 composite?
False
Is 3397187 prime?
True
Is 9975367 composite?
False
Is 1657 prime?
True
Is 2115121 composite?
False
Is 2431531 a prime number?
False
Is 269684359 prime?
False
Is 3645821 a composite number?
True
Is 43810187 composite?
True
Is 104400103 a prime number?
False
Is 1354471 composite?
False
Is 900283 prime?
True
Is 34838173 composite?
False
Is 20392637 composite?
True
Is 7485679 a prime number?
True
Is 382529 a composite number?
True
Is 3594707 a composite number?
False
Is 258865249 composite?
False
Is 31000169 composite?
True
Is 141649667 a composite number?
False
Is 1992455 composite?
True
Is 48368263 prime?
True
Is 8446751 composite?
False
Is 13236191 composite?
False
Is 33778403 prime?
False
Is 5721517 a composite number?
False
Is 4146661 a composite number?
False
Is 165137719 a prime number?
False
Is 123551159 prime?
True
Is 3510139 a composite number?
True
Is 276852707 a prime number?
True
Is 405962 prime?
False
Is 26860907 composite?
False
Is 2043243073 prime?
False
Is 4359827 a composite number?
False
Is 1391669 prime?
True
Is 71655007 a prime number?
False
Is 4281463 prime?
True
Is 1328843 a prime number?
True
Is 39211511 prime?
False
Is 38114341 a prime number?
False
Is 12208934 composite?
True
Is 26064527 prime?
True
Is 721661 prime?
True
Is 13799939 prime?
True
Is 357275939 prime?
True
Is 6849277 composite?
False
Is 151269103 a prime number?
True
Is 43597987 a prime number?
True
Is 15037957 a composite number?
True
Is 136116701 prime?
False
Is 24995247 composite?
True
Is 41193259 prime?
True
Is 1758217 a prime number?
False
Is 3189461 composite?
True
Is 4063403 prime?
True
Is 7971151 composite?
True
Is 2304457 a prime number?
False
Is 3824173 a prime number?
True
Is 15314393 composite?
False
Is 19234301 prime?
True
Is 26584881 a composite number?
True
Is 85956421 prime?
True
Is 3743599 prime?
True
Is 15871871 a prime number?
True
Is 108015317 a prime number?
True
Is 3528587 a prime number?
True
Is 3056987 a prime number?
False
Is 5756447 a prime number?
True
Is 89336521 composite?
False
Is 752861 a composite number?
False
Is 76090169 prime?
True
Is 5433173 composite?
True
Is 6577393 a prime number?
False
Is 97649 composite?
False
Is 25284643 composite?
True
Is 811669 a prime number?
False
Is 183246027 prime?
False
Is 2913643 composite?
True
Is 2804927 a composite number?
False
Is 10633193 composite?
False
Is 28998737 a composite number?
False
Is 2708779 prime?
False
Is 507719785 a prime number?
False
Is 7336529 a prime number?
True
Is 9090689 prime?
True
Is 12013327 composite?
True
Is 10858523 a prime number?
False
Is 46611269 prime?
False
Is 34331767 a composite number?
False
Is 3801209 a composite number?
True
Is 106524347 prime?
True
Is 63856769 a prime number?
True
Is 751727 a composite number?
False
Is 4583197 composite?
False
Is 1330017415 a prime number?
False
Is 62407283 a composite number?
True
Is 9134777 a composite number?
True
Is 260557273 prime?
True
Is 1513817 prime?
False
Is 108549411 a composite number?
True
Is 3649309 prime?
False
Is 17162987 a composite number?
True
Is 6751883 a prime number?
True
Is 1009814509 composite?
True
Is 1734409 a prime number?
False
Is 2640289 composite?
False
Is 25416607 prime?
True
Is 2029688907 a prime number?
False
Is 403242077 a composite number?
True
Is 12871555 composite?
True
Is 39960691 prime?
False
Is 266402159 a prime number?
True
Is 382112447 a composite number?
False
Is 12046597 a prime number?
True
Is 9196397 a composite number?
True
Is 959449 composite?
False
Is 1667723 a composite number?
False
Is 10400449 a prime number?
True
Is 4441519 composite?
True
Is 1067551 prime?
True
Is 3820637 a composite number?
True
Is 26617287 a composite number?
True
Is 19122409 prime?
True
Is 2636771 composite?
True
Is 104578769 prime?
False
Is 63334549 a composite number?
False
Is 93581 a prime number?
True
Is 422771 composite?
True
Is 138915389 a composite number?
False
Is 1251409 prime?
True
Is 82750513 composite?
False
Is 833095957 composite?
True
Is 29994347 prime?
False
Is 200401103 a composite number?
True
Is 26204417 a prime number?
False
Is 11002679 a prime number?
True
Is 109249 prime?
False
Is 2093677 prime?
False
Is 35468753 a composite number?
False
Is 29173505 composite?
True
Is 5025147 prime?
False
Is 39499 a composite number?
False
Is 207588559 composite?
False
Is 9825787 composite?
False
Is 3928489 a prime number?
False
Is 23596387 a prime number?
True
Is 1466503 composite?
True
Is 4648639 composite?
False
Is 137621 composite?
True
Is 255173 a prime number?
True
Is 19506581 composite?
True
Is 98288821 composite?
True
Is 61203279 a prime number?
False
Is 12648569 prime?
True
Is 34250969 a prime number?
True
Is 919269205 a prime number?
False
Is 90383759 a composite number?
False
Is 3274519 composite?
True
Is 5170657 composite?
False
Is 12253621 prime?
True
Is 45427471 a prime number?
True
Is 189530623 a composite number?
False
Is 6561383 a prime number?
True
Is 330601 composite?
True
Is 6663277 a prime number?
False
Is 488513 a prime number?
True
Is 118891099 a prime number?
True
Is 4085239 prime?
True
Is 144271 a prime number?
True
Is 1076639 composite?
False
Is 68246 prime?
False
Is 554063555 prime?
False
Is 54938123 composite?
False
Is 93793897 prime?
False
Is 3749929 a composite number?
True
Is 99311683 prime?
True
Is 42912983 prime?
True
Is 31296107 a composite number?
True
Is 111000649 prime?
False
Is 41480345 prime?
False
Is 17390753 a prime number?
True
Is 160680419 composite?
False
Is 889621 a composite number?
True
Is 935531 a composite number?
False
Is 19436621 a composite number?
True
Is 4855745 a composite number?
True
Is 9080927 a prime number?
True
Is 4903831 a prime number?
False
Is 753013 composite?
True
Is 74169049 a composite number?
True
Is 39697111 prime?
True
Is 53001953 composite?
True
Is 490813 a prime number?
False
Is 13948073 composite?
True
Is 5599501 a composite number?
False
Is 41534243 a composite number?
True
Is 31557857 prime?
True
Is 9575123 a prime number?
True
Is 108281851 a prime number?
False
Is 18487681 a composite number?
False
Is 308842159 a composite number?
True
Is 234020081 a prime number?
True
Is 5091407 prime?
True
Is 25028167 a prime number?
True
Is 142488017 a prime number?
False
Is 2376371 composite?
False
Is 54113105 composite?
True
Is 51468913 a prime number?
True
Is 8715143 a prime number?
True
Is 726239 a prime number?
False
Is 8677951 a prime number?
True
Is 60810571 a composite number?
False
Is 93268993 prime?
True
Is 30867589 a composite number?
False
Is 248918269 composite?
False
Is 867143 a composite number?
False
Is 62141293 prime?
False
Is 21314621 a prime number?
False
Is 212514515 a prime number?
False
Is 5346794 prime?
False
Is 12381011 a composite number?
False
Is 225422077 a prime number?
False
Is 78299033 prime?
False
Is 2400287 composite?
True
Is 4534547 composite?
True
Is 144014005 prime?
False
Is 24692431 composite?
True
Is 480215 a composite number?
True
Is 23960419 composite?
True
Is 440329 a prime number?
True
Is 1508861 composite?
True
Is 1992707 a composite number?
True
Is 17210087 prime?
True
Is 924323 prime?
True
Is 1060861 composite?
False
Is 1848955 composite?
True
Is 645122461 a prime number?
False
Is 3622651 prime?
False
Is 466727 a composite number?
True
Is 2206007 a composite number?
True
Is 50618627 composite?
True
Is 370681 prime?
False
Is 416222041 a prime number?
True
Is 8554811 composite?
True
Is 52511561 composite?
False
Is 498751 a prime number?
False
Is 39109363 a prime number?
True
Is 6258359 prime?
False
Is 5164657 a prime number?
True
Is 97724603 a composite number?
False
Is 2234303 a composite number?
Fals